{"id":1699,"date":"2026-03-11T20:35:57","date_gmt":"2026-03-11T20:35:57","guid":{"rendered":"https:\/\/delarosaabogados.com\/?page_id=1699"},"modified":"2026-03-11T20:55:23","modified_gmt":"2026-03-11T20:55:23","slug":"lic-rodrigo-macedo-gomez","status":"publish","type":"page","link":"https:\/\/delarosaabogados.com\/?page_id=1699","title":{"rendered":"LIC. RODRIGO MACEDO G\u00d3MEZ"},"content":{"rendered":"\t\t<div data-elementor-type=\"wp-page\" data-elementor-id=\"1699\" class=\"elementor elementor-1699\">\n\t\t\t\t<div class=\"elementor-element elementor-element-3aa3de91 e-flex e-con-boxed e-con e-parent\" data-id=\"3aa3de91\" data-element_type=\"container\" data-e-type=\"container\" data-settings=\"{&quot;background_background&quot;:&quot;classic&quot;}\">\n\t\t\t\t\t<div class=\"e-con-inner\">\n\t\t<div class=\"elementor-element elementor-element-dbdca9d e-con-full e-flex e-con e-child\" data-id=\"dbdca9d\" data-element_type=\"container\" data-e-type=\"container\">\n\t\t\t\t<div class=\"elementor-element elementor-element-559a05f elementor-widget elementor-widget-heading\" data-id=\"559a05f\" data-element_type=\"widget\" data-e-type=\"widget\" data-widget_type=\"heading.default\">\n\t\t\t\t\t<h2 class=\"elementor-heading-title elementor-size-default\">LIC. RODRIGO MACEDO G\u00d3MEZ <\/h2>\t\t\t\t<\/div>\n\t\t\t\t<\/div>\n\t\t\t\t\t<\/div>\n\t\t\t\t<\/div>\n\t\t<div class=\"elementor-element elementor-element-479a571 e-flex e-con-boxed e-con e-parent\" data-id=\"479a571\" data-element_type=\"container\" data-e-type=\"container\">\n\t\t\t\t\t<div class=\"e-con-inner\">\n\t\t\t\t<div class=\"elementor-element elementor-element-3e93039 elementor-widget elementor-widget-spacer\" data-id=\"3e93039\" data-element_type=\"widget\" data-e-type=\"widget\" data-widget_type=\"spacer.default\">\n\t\t\t\t\t\t\t<div class=\"elementor-spacer\">\n\t\t\t<div class=\"elementor-spacer-inner\"><\/div>\n\t\t<\/div>\n\t\t\t\t\t\t<\/div>\n\t\t\t\t\t<\/div>\n\t\t\t\t<\/div>\n\t\t<div class=\"elementor-element elementor-element-66284fcb e-con-full e-flex e-con e-parent\" data-id=\"66284fcb\" data-element_type=\"container\" data-e-type=\"container\" data-settings=\"{&quot;background_background&quot;:&quot;classic&quot;}\">\n\t\t<div class=\"elementor-element elementor-element-3f712f41 e-con-full e-flex e-con e-child\" data-id=\"3f712f41\" data-element_type=\"container\" data-e-type=\"container\">\n\t\t\t\t<div class=\"elementor-element elementor-element-a63b03c elementor-widget elementor-widget-image\" data-id=\"a63b03c\" data-element_type=\"widget\" data-e-type=\"widget\" data-widget_type=\"image.default\">\n\t\t\t\t\t\t\t\t\t\t\t\t\t\t\t<img fetchpriority=\"high\" decoding=\"async\" width=\"946\" height=\"1024\" src=\"https:\/\/delarosaabogados.com\/wp-content\/uploads\/2026\/03\/Gemini_Generated_Image_vl6r3evl6r3evl6r-1-e1773174272167-946x1024.png\" class=\"attachment-large size-large wp-image-1519\" alt=\"\" srcset=\"https:\/\/delarosaabogados.com\/wp-content\/uploads\/2026\/03\/Gemini_Generated_Image_vl6r3evl6r3evl6r-1-e1773174272167-946x1024.png 946w, https:\/\/delarosaabogados.com\/wp-content\/uploads\/2026\/03\/Gemini_Generated_Image_vl6r3evl6r3evl6r-1-e1773174272167-277x300.png 277w, https:\/\/delarosaabogados.com\/wp-content\/uploads\/2026\/03\/Gemini_Generated_Image_vl6r3evl6r3evl6r-1-e1773174272167-768x831.png 768w, https:\/\/delarosaabogados.com\/wp-content\/uploads\/2026\/03\/Gemini_Generated_Image_vl6r3evl6r3evl6r-1-e1773174272167-1420x1536.png 1420w, https:\/\/delarosaabogados.com\/wp-content\/uploads\/2026\/03\/Gemini_Generated_Image_vl6r3evl6r3evl6r-1-e1773174272167.png 1867w\" sizes=\"(max-width: 946px) 100vw, 946px\" \/>\t\t\t\t\t\t\t\t\t\t\t\t\t\t\t<\/div>\n\t\t\t\t<\/div>\n\t\t<div class=\"elementor-element elementor-element-620ab57e e-con-full e-flex e-con e-child\" data-id=\"620ab57e\" data-element_type=\"container\" data-e-type=\"container\">\n\t\t\t\t<div class=\"elementor-element elementor-element-7e4f538a elementor-widget elementor-widget-text-editor\" data-id=\"7e4f538a\" data-element_type=\"widget\" data-e-type=\"widget\" data-widget_type=\"text-editor.default\">\n\t\t\t\t\t\t\t\t\t<p>Lic. Rodrigo Macedo G\u00f3mez \u00a0es abogado asociado en <strong><b>DE LA ROSA ABOGADOS ASOCIADOS, S.C.<\/b><\/strong>, donde participa activamente en la atenci\u00f3n y litigio de asuntos en materia laboral, civil y familiar.<\/p><p>Dentro de la firma colabora en la elaboraci\u00f3n de estrategias jur\u00eddicas y en la representaci\u00f3n de clientes ante distintas autoridades, brindando acompa\u00f1amiento legal en procedimientos relacionados con controversias laborales, as\u00ed como en conflictos civiles y familiares, distingui\u00e9ndose por su compromiso profesional y su constante actualizaci\u00f3n en el ejercicio del derecho.<\/p>\t\t\t\t\t\t\t\t<\/div>\n\t\t\t\t<\/div>\n\t\t\t\t<\/div>\n\t\t<div class=\"elementor-element elementor-element-9788d27 e-flex e-con-boxed e-con e-parent\" data-id=\"9788d27\" data-element_type=\"container\" data-e-type=\"container\">\n\t\t\t\t\t<div class=\"e-con-inner\">\n\t\t\t\t<div class=\"elementor-element elementor-element-dcb608b elementor-widget elementor-widget-spacer\" data-id=\"dcb608b\" data-element_type=\"widget\" data-e-type=\"widget\" data-widget_type=\"spacer.default\">\n\t\t\t\t\t\t\t<div class=\"elementor-spacer\">\n\t\t\t<div class=\"elementor-spacer-inner\"><\/div>\n\t\t<\/div>\n\t\t\t\t\t\t<\/div>\n\t\t\t\t\t<\/div>\n\t\t\t\t<\/div>\n\t\t\t\t<\/div>\n\t\t","protected":false},"excerpt":{"rendered":"<p>LIC. RODRIGO MACEDO G\u00d3MEZ Lic. Rodrigo Macedo G\u00f3mez \u00a0es abogado asociado en DE LA ROSA ABOGADOS ASOCIADOS, S.C., donde participa activamente en la atenci\u00f3n y litigio de asuntos en materia laboral, civil y familiar. Dentro de la firma colabora en la elaboraci\u00f3n de estrategias jur\u00eddicas y en la representaci\u00f3n de clientes ante distintas autoridades, brindando [&hellip;]<\/p>\n","protected":false},"author":1,"featured_media":0,"parent":0,"menu_order":0,"comment_status":"closed","ping_status":"closed","template":"elementor_header_footer","meta":{"footnotes":""},"class_list":["post-1699","page","type-page","status-publish","hentry"],"blocksy_meta":[],"_links":{"self":[{"href":"https:\/\/delarosaabogados.com\/index.php?rest_route=\/wp\/v2\/pages\/1699","targetHints":{"allow":["GET"]}}],"collection":[{"href":"https:\/\/delarosaabogados.com\/index.php?rest_route=\/wp\/v2\/pages"}],"about":[{"href":"https:\/\/delarosaabogados.com\/index.php?rest_route=\/wp\/v2\/types\/page"}],"author":[{"embeddable":true,"href":"https:\/\/delarosaabogados.com\/index.php?rest_route=\/wp\/v2\/users\/1"}],"replies":[{"embeddable":true,"href":"https:\/\/delarosaabogados.com\/index.php?rest_route=%2Fwp%2Fv2%2Fcomments&post=1699"}],"version-history":[{"count":11,"href":"https:\/\/delarosaabogados.com\/index.php?rest_route=\/wp\/v2\/pages\/1699\/revisions"}],"predecessor-version":[{"id":1711,"href":"https:\/\/delarosaabogados.com\/index.php?rest_route=\/wp\/v2\/pages\/1699\/revisions\/1711"}],"wp:attachment":[{"href":"https:\/\/delarosaabogados.com\/index.php?rest_route=%2Fwp%2Fv2%2Fmedia&parent=1699"}],"curies":[{"name":"wp","href":"https:\/\/api.w.org\/{rel}","templated":true}]}}