{"id":1651,"date":"2026-03-11T20:06:29","date_gmt":"2026-03-11T20:06:29","guid":{"rendered":"https:\/\/delarosaabogados.com\/?page_id=1651"},"modified":"2026-03-11T20:18:00","modified_gmt":"2026-03-11T20:18:00","slug":"mtro-jose-alfredo-de-la-rosa-martinez-2","status":"publish","type":"page","link":"https:\/\/delarosaabogados.com\/?page_id=1651","title":{"rendered":"MTRO. JOS\u00c9 ALFREDO DE LA ROSA MART\u00cdNEZ"},"content":{"rendered":"\t\t<div data-elementor-type=\"wp-page\" data-elementor-id=\"1651\" class=\"elementor elementor-1651\">\n\t\t\t\t<div class=\"elementor-element elementor-element-6d13ba1d e-flex e-con-boxed e-con e-parent\" data-id=\"6d13ba1d\" data-element_type=\"container\" data-e-type=\"container\" data-settings=\"{&quot;background_background&quot;:&quot;classic&quot;}\">\n\t\t\t\t\t<div class=\"e-con-inner\">\n\t\t<div class=\"elementor-element elementor-element-48e4859 e-con-full e-flex e-con e-child\" data-id=\"48e4859\" data-element_type=\"container\" data-e-type=\"container\">\n\t\t\t\t<div class=\"elementor-element elementor-element-306811f elementor-widget elementor-widget-heading\" data-id=\"306811f\" data-element_type=\"widget\" data-e-type=\"widget\" data-widget_type=\"heading.default\">\n\t\t\t\t\t<h2 class=\"elementor-heading-title elementor-size-default\">MTRO. ARTURO IV\u00c1N DE LA ROSA RAM\u00cdREZ<\/h2>\t\t\t\t<\/div>\n\t\t\t\t<\/div>\n\t\t\t\t\t<\/div>\n\t\t\t\t<\/div>\n\t\t<div class=\"elementor-element elementor-element-b18683e e-flex e-con-boxed e-con e-parent\" data-id=\"b18683e\" data-element_type=\"container\" data-e-type=\"container\">\n\t\t\t\t\t<div class=\"e-con-inner\">\n\t\t\t\t<div class=\"elementor-element elementor-element-6609840 elementor-widget elementor-widget-spacer\" data-id=\"6609840\" data-element_type=\"widget\" data-e-type=\"widget\" data-widget_type=\"spacer.default\">\n\t\t\t\t\t\t\t<div class=\"elementor-spacer\">\n\t\t\t<div class=\"elementor-spacer-inner\"><\/div>\n\t\t<\/div>\n\t\t\t\t\t\t<\/div>\n\t\t\t\t\t<\/div>\n\t\t\t\t<\/div>\n\t\t<div class=\"elementor-element elementor-element-2d695b8d e-con-full e-flex e-con e-parent\" data-id=\"2d695b8d\" data-element_type=\"container\" data-e-type=\"container\" data-settings=\"{&quot;background_background&quot;:&quot;classic&quot;}\">\n\t\t<div class=\"elementor-element elementor-element-57c2fd1c e-con-full e-flex e-con e-child\" data-id=\"57c2fd1c\" data-element_type=\"container\" data-e-type=\"container\">\n\t\t\t\t<div class=\"elementor-element elementor-element-fa80da6 elementor-widget elementor-widget-image\" data-id=\"fa80da6\" data-element_type=\"widget\" data-e-type=\"widget\" data-widget_type=\"image.default\">\n\t\t\t\t\t\t\t\t\t\t\t\t\t\t\t<img fetchpriority=\"high\" decoding=\"async\" width=\"979\" height=\"1024\" src=\"https:\/\/delarosaabogados.com\/wp-content\/uploads\/2026\/03\/Gemini_Generated_Image_c6fz2gc6fz2gc6fz-1-e1773175231369-979x1024.png\" class=\"attachment-large size-large wp-image-1522\" alt=\"\" srcset=\"https:\/\/delarosaabogados.com\/wp-content\/uploads\/2026\/03\/Gemini_Generated_Image_c6fz2gc6fz2gc6fz-1-e1773175231369-979x1024.png 979w, https:\/\/delarosaabogados.com\/wp-content\/uploads\/2026\/03\/Gemini_Generated_Image_c6fz2gc6fz2gc6fz-1-e1773175231369-287x300.png 287w, https:\/\/delarosaabogados.com\/wp-content\/uploads\/2026\/03\/Gemini_Generated_Image_c6fz2gc6fz2gc6fz-1-e1773175231369-768x803.png 768w, https:\/\/delarosaabogados.com\/wp-content\/uploads\/2026\/03\/Gemini_Generated_Image_c6fz2gc6fz2gc6fz-1-e1773175231369-1469x1536.png 1469w, https:\/\/delarosaabogados.com\/wp-content\/uploads\/2026\/03\/Gemini_Generated_Image_c6fz2gc6fz2gc6fz-1-e1773175231369.png 1903w\" sizes=\"(max-width: 979px) 100vw, 979px\" \/>\t\t\t\t\t\t\t\t\t\t\t\t\t\t\t<\/div>\n\t\t\t\t<\/div>\n\t\t<div class=\"elementor-element elementor-element-54deee3 e-con-full e-flex e-con e-child\" data-id=\"54deee3\" data-element_type=\"container\" data-e-type=\"container\">\n\t\t\t\t<div class=\"elementor-element elementor-element-7a0d8688 elementor-widget elementor-widget-text-editor\" data-id=\"7a0d8688\" data-element_type=\"widget\" data-e-type=\"widget\" data-widget_type=\"text-editor.default\">\n\t\t\t\t\t\t\t\t\t<p>El Mtro. Arturo Iv\u00e1n De la Rosa Ram\u00edrez es asociado en <strong><b>\u201cDE LA ROSA ABOGADOS ASOCIADOS, S.C.\u201d, <\/b><\/strong>especialista en derecho laboral y seguridad social, con m\u00e1s de veinticinco a\u00f1os de trayectoria profesional dentro de <strong><b>\u201cDE LA ROSA ABOGADOS ASOCIADOS, S.C.\u201d, <\/b><\/strong>se ha consolidado como uno de los principales pilares del \u00e1rea laboral, participando en la asesor\u00eda y representaci\u00f3n jur\u00eddica de clientes en litigio laboral y en la elaboraci\u00f3n de estrategias legales para la defensa de los intereses de los clientes.<\/p>\t\t\t\t\t\t\t\t<\/div>\n\t\t\t\t<\/div>\n\t\t\t\t<\/div>\n\t\t<div class=\"elementor-element elementor-element-37b2528 e-flex e-con-boxed e-con e-parent\" data-id=\"37b2528\" data-element_type=\"container\" data-e-type=\"container\">\n\t\t\t\t\t<div class=\"e-con-inner\">\n\t\t\t\t<div class=\"elementor-element elementor-element-b666963 elementor-widget elementor-widget-spacer\" data-id=\"b666963\" data-element_type=\"widget\" data-e-type=\"widget\" data-widget_type=\"spacer.default\">\n\t\t\t\t\t\t\t<div class=\"elementor-spacer\">\n\t\t\t<div class=\"elementor-spacer-inner\"><\/div>\n\t\t<\/div>\n\t\t\t\t\t\t<\/div>\n\t\t\t\t\t<\/div>\n\t\t\t\t<\/div>\n\t\t\t\t<\/div>\n\t\t","protected":false},"excerpt":{"rendered":"<p>MTRO. ARTURO IV\u00c1N DE LA ROSA RAM\u00cdREZ El Mtro. Arturo Iv\u00e1n De la Rosa Ram\u00edrez es asociado en \u201cDE LA ROSA ABOGADOS ASOCIADOS, S.C.\u201d, especialista en derecho laboral y seguridad social, con m\u00e1s de veinticinco a\u00f1os de trayectoria profesional dentro de \u201cDE LA ROSA ABOGADOS ASOCIADOS, S.C.\u201d, se ha consolidado como uno de los principales [&hellip;]<\/p>\n","protected":false},"author":1,"featured_media":0,"parent":0,"menu_order":0,"comment_status":"closed","ping_status":"closed","template":"elementor_header_footer","meta":{"footnotes":""},"class_list":["post-1651","page","type-page","status-publish","hentry"],"blocksy_meta":[],"_links":{"self":[{"href":"https:\/\/delarosaabogados.com\/index.php?rest_route=\/wp\/v2\/pages\/1651","targetHints":{"allow":["GET"]}}],"collection":[{"href":"https:\/\/delarosaabogados.com\/index.php?rest_route=\/wp\/v2\/pages"}],"about":[{"href":"https:\/\/delarosaabogados.com\/index.php?rest_route=\/wp\/v2\/types\/page"}],"author":[{"embeddable":true,"href":"https:\/\/delarosaabogados.com\/index.php?rest_route=\/wp\/v2\/users\/1"}],"replies":[{"embeddable":true,"href":"https:\/\/delarosaabogados.com\/index.php?rest_route=%2Fwp%2Fv2%2Fcomments&post=1651"}],"version-history":[{"count":20,"href":"https:\/\/delarosaabogados.com\/index.php?rest_route=\/wp\/v2\/pages\/1651\/revisions"}],"predecessor-version":[{"id":1671,"href":"https:\/\/delarosaabogados.com\/index.php?rest_route=\/wp\/v2\/pages\/1651\/revisions\/1671"}],"wp:attachment":[{"href":"https:\/\/delarosaabogados.com\/index.php?rest_route=%2Fwp%2Fv2%2Fmedia&parent=1651"}],"curies":[{"name":"wp","href":"https:\/\/api.w.org\/{rel}","templated":true}]}}