{"id":1614,"date":"2026-03-11T18:53:48","date_gmt":"2026-03-11T18:53:48","guid":{"rendered":"https:\/\/delarosaabogados.com\/?page_id=1614"},"modified":"2026-03-11T19:20:11","modified_gmt":"2026-03-11T19:20:11","slug":"lic-valeria-del-carmen-de-la-rosa-lopez","status":"publish","type":"page","link":"https:\/\/delarosaabogados.com\/?page_id=1614","title":{"rendered":"LIC.VALERIA DEL CARMEN DE LA ROSA L\u00d3PEZ"},"content":{"rendered":"\t\t<div data-elementor-type=\"wp-page\" data-elementor-id=\"1614\" class=\"elementor elementor-1614\">\n\t\t\t\t<div class=\"elementor-element elementor-element-658f7d87 e-flex e-con-boxed e-con e-parent\" data-id=\"658f7d87\" data-element_type=\"container\" data-e-type=\"container\" data-settings=\"{&quot;background_background&quot;:&quot;classic&quot;}\">\n\t\t\t\t\t<div class=\"e-con-inner\">\n\t\t<div class=\"elementor-element elementor-element-a5e7809 e-con-full e-flex e-con e-child\" data-id=\"a5e7809\" data-element_type=\"container\" data-e-type=\"container\">\n\t\t\t\t<div class=\"elementor-element elementor-element-33ab6be elementor-widget elementor-widget-heading\" data-id=\"33ab6be\" data-element_type=\"widget\" data-e-type=\"widget\" data-widget_type=\"heading.default\">\n\t\t\t\t\t<h2 class=\"elementor-heading-title elementor-size-default\">LIC.VALERIA DEL CARMEN DE LA ROSA L\u00d3PEZ<\/h2>\t\t\t\t<\/div>\n\t\t\t\t<\/div>\n\t\t\t\t\t<\/div>\n\t\t\t\t<\/div>\n\t\t<div class=\"elementor-element elementor-element-c6414e6 e-flex e-con-boxed e-con e-parent\" data-id=\"c6414e6\" data-element_type=\"container\" data-e-type=\"container\">\n\t\t\t\t\t<div class=\"e-con-inner\">\n\t\t\t\t<div class=\"elementor-element elementor-element-61121e4 elementor-widget elementor-widget-spacer\" data-id=\"61121e4\" data-element_type=\"widget\" data-e-type=\"widget\" data-widget_type=\"spacer.default\">\n\t\t\t\t\t\t\t<div class=\"elementor-spacer\">\n\t\t\t<div class=\"elementor-spacer-inner\"><\/div>\n\t\t<\/div>\n\t\t\t\t\t\t<\/div>\n\t\t\t\t\t<\/div>\n\t\t\t\t<\/div>\n\t\t<div class=\"elementor-element elementor-element-761e26ae e-con-full e-flex e-con e-parent\" data-id=\"761e26ae\" data-element_type=\"container\" data-e-type=\"container\" data-settings=\"{&quot;background_background&quot;:&quot;classic&quot;}\">\n\t\t<div class=\"elementor-element elementor-element-119c5cfd e-con-full e-flex e-con e-child\" data-id=\"119c5cfd\" data-element_type=\"container\" data-e-type=\"container\">\n\t\t\t\t<div class=\"elementor-element elementor-element-8e7b9ab elementor-widget elementor-widget-image\" data-id=\"8e7b9ab\" data-element_type=\"widget\" data-e-type=\"widget\" data-widget_type=\"image.default\">\n\t\t\t\t\t\t\t\t\t\t\t\t\t\t\t<img fetchpriority=\"high\" decoding=\"async\" width=\"1024\" height=\"1022\" src=\"https:\/\/delarosaabogados.com\/wp-content\/uploads\/2026\/03\/Gemini_Generated_Image_qio6qlqio6qlqio6-1-1024x1022.png\" class=\"attachment-large size-large wp-image-1523\" alt=\"\" srcset=\"https:\/\/delarosaabogados.com\/wp-content\/uploads\/2026\/03\/Gemini_Generated_Image_qio6qlqio6qlqio6-1-1024x1022.png 1024w, https:\/\/delarosaabogados.com\/wp-content\/uploads\/2026\/03\/Gemini_Generated_Image_qio6qlqio6qlqio6-1-300x300.png 300w, https:\/\/delarosaabogados.com\/wp-content\/uploads\/2026\/03\/Gemini_Generated_Image_qio6qlqio6qlqio6-1-150x150.png 150w, https:\/\/delarosaabogados.com\/wp-content\/uploads\/2026\/03\/Gemini_Generated_Image_qio6qlqio6qlqio6-1-768x767.png 768w, https:\/\/delarosaabogados.com\/wp-content\/uploads\/2026\/03\/Gemini_Generated_Image_qio6qlqio6qlqio6-1-1536x1533.png 1536w, https:\/\/delarosaabogados.com\/wp-content\/uploads\/2026\/03\/Gemini_Generated_Image_qio6qlqio6qlqio6-1-2048x2044.png 2048w\" sizes=\"(max-width: 1024px) 100vw, 1024px\" \/>\t\t\t\t\t\t\t\t\t\t\t\t\t\t\t<\/div>\n\t\t\t\t<\/div>\n\t\t<div class=\"elementor-element elementor-element-5fb0c9bd e-con-full e-flex e-con e-child\" data-id=\"5fb0c9bd\" data-element_type=\"container\" data-e-type=\"container\">\n\t\t\t\t<div class=\"elementor-element elementor-element-3b4d0993 elementor-widget elementor-widget-text-editor\" data-id=\"3b4d0993\" data-element_type=\"widget\" data-e-type=\"widget\" data-widget_type=\"text-editor.default\">\n\t\t\t\t\t\t\t\t\t<p><strong><b>Lic. Valeria Del Carmen De La Rosa L\u00f3pez<\/b><\/strong>\u00a0es socia de \u201c<strong><b>DE LA ROSA ABOGADOS ASOCIADOS, S.C.\u201d, <\/b><\/strong>\u00a0licenciada en Administraci\u00f3n de Empresas, perfil que aporta una visi\u00f3n estrat\u00e9gica y organizacional, \u00a0fundamental para la operaci\u00f3n y desarrollo institucional de la firma.<\/p><p>Desde su posici\u00f3n dentro de la firma, participa activamente en la gesti\u00f3n administrativa, la planeaci\u00f3n organizacional y el fortalecimiento de los procesos internos, contribuyendo a la consolidaci\u00f3n de una estructura organizacional que respalda la prestaci\u00f3n de servicios jur\u00eddicos de alta calidad.<\/p><p>Su liderazgo, capacidad de organizaci\u00f3n y enfoque estrat\u00e9gico han sido elementos clave para el crecimiento y la solidez operativa de \u201c<strong><b>DE LA ROSA ABOGADOS ASOCIADOS, S.C.\u201d<\/b><\/strong>, fortaleciendo la gesti\u00f3n y el funcionamiento integral de la firma.<\/p>\t\t\t\t\t\t\t\t<\/div>\n\t\t\t\t<\/div>\n\t\t\t\t<\/div>\n\t\t<div class=\"elementor-element elementor-element-68b50c2 e-flex e-con-boxed e-con e-parent\" data-id=\"68b50c2\" data-element_type=\"container\" data-e-type=\"container\">\n\t\t\t\t\t<div class=\"e-con-inner\">\n\t\t\t\t<div class=\"elementor-element elementor-element-7a35045 elementor-widget elementor-widget-spacer\" data-id=\"7a35045\" data-element_type=\"widget\" data-e-type=\"widget\" data-widget_type=\"spacer.default\">\n\t\t\t\t\t\t\t<div class=\"elementor-spacer\">\n\t\t\t<div class=\"elementor-spacer-inner\"><\/div>\n\t\t<\/div>\n\t\t\t\t\t\t<\/div>\n\t\t\t\t\t<\/div>\n\t\t\t\t<\/div>\n\t\t\t\t<\/div>\n\t\t","protected":false},"excerpt":{"rendered":"<p>LIC.VALERIA DEL CARMEN DE LA ROSA L\u00d3PEZ Lic. Valeria Del Carmen De La Rosa L\u00f3pez\u00a0es socia de \u201cDE LA ROSA ABOGADOS ASOCIADOS, S.C.\u201d, \u00a0licenciada en Administraci\u00f3n de Empresas, perfil que aporta una visi\u00f3n estrat\u00e9gica y organizacional, \u00a0fundamental para la operaci\u00f3n y desarrollo institucional de la firma. Desde su posici\u00f3n dentro de la firma, participa activamente [&hellip;]<\/p>\n","protected":false},"author":1,"featured_media":0,"parent":0,"menu_order":0,"comment_status":"closed","ping_status":"closed","template":"elementor_header_footer","meta":{"footnotes":""},"class_list":["post-1614","page","type-page","status-publish","hentry"],"blocksy_meta":[],"_links":{"self":[{"href":"https:\/\/delarosaabogados.com\/index.php?rest_route=\/wp\/v2\/pages\/1614","targetHints":{"allow":["GET"]}}],"collection":[{"href":"https:\/\/delarosaabogados.com\/index.php?rest_route=\/wp\/v2\/pages"}],"about":[{"href":"https:\/\/delarosaabogados.com\/index.php?rest_route=\/wp\/v2\/types\/page"}],"author":[{"embeddable":true,"href":"https:\/\/delarosaabogados.com\/index.php?rest_route=\/wp\/v2\/users\/1"}],"replies":[{"embeddable":true,"href":"https:\/\/delarosaabogados.com\/index.php?rest_route=%2Fwp%2Fv2%2Fcomments&post=1614"}],"version-history":[{"count":11,"href":"https:\/\/delarosaabogados.com\/index.php?rest_route=\/wp\/v2\/pages\/1614\/revisions"}],"predecessor-version":[{"id":1629,"href":"https:\/\/delarosaabogados.com\/index.php?rest_route=\/wp\/v2\/pages\/1614\/revisions\/1629"}],"wp:attachment":[{"href":"https:\/\/delarosaabogados.com\/index.php?rest_route=%2Fwp%2Fv2%2Fmedia&parent=1614"}],"curies":[{"name":"wp","href":"https:\/\/api.w.org\/{rel}","templated":true}]}}

LIC.VALERIA DEL CARMEN DE LA ROSA LÓPEZ

<div data-elementor-type="wp-page" data-elementor-id="1614" class="elementor elementor-1614">
				<div class="elementor-element elementor-element-658f7d87 e-flex e-con-boxed e-con e-parent" data-id="658f7d87" data-element_type="container" data-e-type="container" data-settings="{&quot;background_background&quot;:&quot;classic&quot;}">
					<div class="e-con-inner">
		<div class="elementor-element elementor-element-a5e7809 e-con-full e-flex e-con e-child" data-id="a5e7809" data-element_type="container" data-e-type="container">
				<div class="elementor-element elementor-element-33ab6be elementor-widget elementor-widget-heading" data-id="33ab6be" data-element_type="widget" data-e-type="widget" data-widget_type="heading.default">
					<h2 class="elementor-heading-title elementor-size-default">LIC.VALERIA DEL CARMEN DE LA ROSA LÓPEZ</h2>				</div>
				</div>
					</div>
				</div>
		<div class="elementor-element elementor-element-c6414e6 e-flex e-con-boxed e-con e-parent" data-id="c6414e6" data-element_type="container" data-e-type="container">
					<div class="e-con-inner">
				<div class="elementor-element elementor-element-61121e4 elementor-widget elementor-widget-spacer" data-id="61121e4" data-element_type="widget" data-e-type="widget" data-widget_type="spacer.default">
							<div class="elementor-spacer">
			<div class="elementor-spacer-inner"></div>
		</div>
						</div>
					</div>
				</div>
		<div class="elementor-element elementor-element-761e26ae e-con-full e-flex e-con e-parent" data-id="761e26ae" data-element_type="container" data-e-type="container" data-settings="{&quot;background_background&quot;:&quot;classic&quot;}">
		<div class="elementor-element elementor-element-119c5cfd e-con-full e-flex e-con e-child" data-id="119c5cfd" data-element_type="container" data-e-type="container">
				<div class="elementor-element elementor-element-8e7b9ab elementor-widget elementor-widget-image" data-id="8e7b9ab" data-element_type="widget" data-e-type="widget" data-widget_type="image.default">
															<img fetchpriority="high" decoding="async" width="1024" height="1022" src="https://delarosaabogados.com/wp-content/uploads/2026/03/Gemini_Generated_Image_qio6qlqio6qlqio6-1-1024x1022.png" class="attachment-large size-large wp-image-1523" alt="" srcset="https://delarosaabogados.com/wp-content/uploads/2026/03/Gemini_Generated_Image_qio6qlqio6qlqio6-1-1024x1022.png 1024w, https://delarosaabogados.com/wp-content/uploads/2026/03/Gemini_Generated_Image_qio6qlqio6qlqio6-1-300x300.png 300w, https://delarosaabogados.com/wp-content/uploads/2026/03/Gemini_Generated_Image_qio6qlqio6qlqio6-1-150x150.png 150w, https://delarosaabogados.com/wp-content/uploads/2026/03/Gemini_Generated_Image_qio6qlqio6qlqio6-1-768x767.png 768w, https://delarosaabogados.com/wp-content/uploads/2026/03/Gemini_Generated_Image_qio6qlqio6qlqio6-1-1536x1533.png 1536w, https://delarosaabogados.com/wp-content/uploads/2026/03/Gemini_Generated_Image_qio6qlqio6qlqio6-1-2048x2044.png 2048w" sizes="(max-width: 1024px) 100vw, 1024px" />															</div>
				</div>
		<div class="elementor-element elementor-element-5fb0c9bd e-con-full e-flex e-con e-child" data-id="5fb0c9bd" data-element_type="container" data-e-type="container">
				<div class="elementor-element elementor-element-3b4d0993 elementor-widget elementor-widget-text-editor" data-id="3b4d0993" data-element_type="widget" data-e-type="widget" data-widget_type="text-editor.default">
									<p><strong><b>Lic. Valeria Del Carmen De La Rosa López</b></strong> es socia de “<strong><b>DE LA ROSA ABOGADOS ASOCIADOS, S.C.”, </b></strong> licenciada en Administración de Empresas, perfil que aporta una visión estratégica y organizacional,  fundamental para la operación y desarrollo institucional de la firma.</p><p>Desde su posición dentro de la firma, participa activamente en la gestión administrativa, la planeación organizacional y el fortalecimiento de los procesos internos, contribuyendo a la consolidación de una estructura organizacional que respalda la prestación de servicios jurídicos de alta calidad.</p><p>Su liderazgo, capacidad de organización y enfoque estratégico han sido elementos clave para el crecimiento y la solidez operativa de “<strong><b>DE LA ROSA ABOGADOS ASOCIADOS, S.C.”</b></strong>, fortaleciendo la gestión y el funcionamiento integral de la firma.</p>								</div>
				</div>
				</div>
		<div class="elementor-element elementor-element-68b50c2 e-flex e-con-boxed e-con e-parent" data-id="68b50c2" data-element_type="container" data-e-type="container">
					<div class="e-con-inner">
				<div class="elementor-element elementor-element-7a35045 elementor-widget elementor-widget-spacer" data-id="7a35045" data-element_type="widget" data-e-type="widget" data-widget_type="spacer.default">
							<div class="elementor-spacer">
			<div class="elementor-spacer-inner"></div>
		</div>
						</div>
					</div>
				</div>
				</div>

<p>LIC.VALERIA DEL CARMEN DE LA ROSA LÓPEZ Lic. Valeria Del Carmen De La Rosa López es socia de “DE LA ROSA ABOGADOS ASOCIADOS, S.C.”,  licenciada en Administración de Empresas, perfil que aporta una visión estratégica y organizacional,  fundamental para la operación y desarrollo institucional de la firma. Desde su posición dentro de la firma, participa activamente [&hellip;]</p>
