{"id":1601,"date":"2026-03-11T02:18:23","date_gmt":"2026-03-11T02:18:23","guid":{"rendered":"https:\/\/delarosaabogados.com\/?page_id=1601"},"modified":"2026-03-11T02:28:03","modified_gmt":"2026-03-11T02:28:03","slug":"lic-amelia-del-carmen-de-la-rosa-lopez","status":"publish","type":"page","link":"https:\/\/delarosaabogados.com\/?page_id=1601","title":{"rendered":"LIC. AMELIA DEL CARMEN DE LA ROSA L\u00d3PEZ"},"content":{"rendered":"\t\t<div data-elementor-type=\"wp-page\" data-elementor-id=\"1601\" class=\"elementor elementor-1601\">\n\t\t\t\t<div class=\"elementor-element elementor-element-f2fc093 e-flex e-con-boxed e-con e-parent\" data-id=\"f2fc093\" data-element_type=\"container\" data-e-type=\"container\" data-settings=\"{&quot;background_background&quot;:&quot;classic&quot;}\">\n\t\t\t\t\t<div class=\"e-con-inner\">\n\t\t<div class=\"elementor-element elementor-element-4e53bb2 e-con-full e-flex e-con e-child\" data-id=\"4e53bb2\" data-element_type=\"container\" data-e-type=\"container\">\n\t\t\t\t<div class=\"elementor-element elementor-element-951a20a elementor-widget elementor-widget-heading\" data-id=\"951a20a\" data-element_type=\"widget\" data-e-type=\"widget\" data-widget_type=\"heading.default\">\n\t\t\t\t\t<h2 class=\"elementor-heading-title elementor-size-default\">LIC. AMELIA DEL CARMEN DE LA ROSA L\u00d3PEZ<\/h2>\t\t\t\t<\/div>\n\t\t\t\t<\/div>\n\t\t\t\t\t<\/div>\n\t\t\t\t<\/div>\n\t\t<div class=\"elementor-element elementor-element-7b57edb e-flex e-con-boxed e-con e-parent\" data-id=\"7b57edb\" data-element_type=\"container\" data-e-type=\"container\">\n\t\t\t\t\t<div class=\"e-con-inner\">\n\t\t\t\t<div class=\"elementor-element elementor-element-6283882 elementor-widget elementor-widget-spacer\" data-id=\"6283882\" data-element_type=\"widget\" data-e-type=\"widget\" data-widget_type=\"spacer.default\">\n\t\t\t\t\t\t\t<div class=\"elementor-spacer\">\n\t\t\t<div class=\"elementor-spacer-inner\"><\/div>\n\t\t<\/div>\n\t\t\t\t\t\t<\/div>\n\t\t\t\t\t<\/div>\n\t\t\t\t<\/div>\n\t\t<div class=\"elementor-element elementor-element-122367da e-con-full e-flex e-con e-parent\" data-id=\"122367da\" data-element_type=\"container\" data-e-type=\"container\" data-settings=\"{&quot;background_background&quot;:&quot;classic&quot;}\">\n\t\t<div class=\"elementor-element elementor-element-6f71697 e-con-full e-flex e-con e-child\" data-id=\"6f71697\" data-element_type=\"container\" data-e-type=\"container\">\n\t\t\t\t<div class=\"elementor-element elementor-element-54f1e93 elementor-widget elementor-widget-image\" data-id=\"54f1e93\" data-element_type=\"widget\" data-e-type=\"widget\" data-widget_type=\"image.default\">\n\t\t\t\t\t\t\t\t\t\t\t\t\t\t\t<img fetchpriority=\"high\" decoding=\"async\" width=\"669\" height=\"1024\" src=\"https:\/\/delarosaabogados.com\/wp-content\/uploads\/2026\/03\/Gemini_Generated_Image_lzqf4ylzqf4ylzqf-669x1024.png\" class=\"attachment-large size-large wp-image-1545\" alt=\"\" \/>\t\t\t\t\t\t\t\t\t\t\t\t\t\t\t<\/div>\n\t\t\t\t<\/div>\n\t\t<div class=\"elementor-element elementor-element-79dc479a e-con-full e-flex e-con e-child\" data-id=\"79dc479a\" data-element_type=\"container\" data-e-type=\"container\">\n\t\t\t\t<div class=\"elementor-element elementor-element-31a9b81 elementor-widget elementor-widget-text-editor\" data-id=\"31a9b81\" data-element_type=\"widget\" data-e-type=\"widget\" data-widget_type=\"text-editor.default\">\n\t\t\t\t\t\t\t\t\t<p><strong><b>Lic. Amelia del Carmen De La Rosa L\u00f3pez<\/b><\/strong>\u00a0es socia de <strong><b>\u201cDE LA ROSA ABOGADOS ASOCIADOS S.C.\u201d, <\/b><\/strong>abogada especialista en el Derecho Civil y Familiar, su trayectoria profesional la ha enfocado a la defensa estrat\u00e9gica de los derechos de las personas y a la soluci\u00f3n integral de conflictos jur\u00eddicos en el \u00e1mbito familiar y patrimonial.<\/p><p>Con una s\u00f3lida formaci\u00f3n jur\u00eddica y un profundo compromiso con la justicia, ha desarrollado una destacada trayectoria en la asesor\u00eda y representaci\u00f3n legal en asuntos civiles y familiares, participando en procedimientos relacionados con controversias familiares, custodia, pensi\u00f3n alimenticia, patria potestad, violencia familiar y defensa del inter\u00e9s superior de ni\u00f1as, ni\u00f1os y adolescentes.<\/p><p>Su pr\u00e1ctica profesional se distingue por la sensibilidad jur\u00eddica que exige el derecho de familia, combinada con un enfoque t\u00e9cnico y estrat\u00e9gico en el litigio civil, a lo largo de su trayectoria ha acompa\u00f1ado a numerosas personas en momentos jur\u00eddicos particularmente sensibles, brindando asesor\u00eda especializada y construyendo soluciones legales que priorizan la protecci\u00f3n de derechos y la estabilidad familiar.<\/p><p>Como socia de la firma, forma parte del equipo que impulsa el crecimiento y consolidaci\u00f3n de <strong><b>\u201cDE LA ROSA ABOGADOS ASOCIADOS, S.C.\u201d<\/b><\/strong>, contribuyendo al desarrollo de una pr\u00e1ctica jur\u00eddica basada en la \u00e9tica profesional, el estudio constante del derecho y la atenci\u00f3n personalizada a cada asunto.<\/p><p>Adem\u00e1s de su ejercicio profesional, participa activamente en la difusi\u00f3n y promoci\u00f3n del conocimiento jur\u00eddico, particularmente en temas relacionados con la protecci\u00f3n de los derechos de las mujeres y la prevenci\u00f3n de la violencia familiar, contribuyendo a la construcci\u00f3n de una cultura jur\u00eddica orientada al acceso a la justicia y la protecci\u00f3n de los derechos humanos.<\/p><p>Su trabajo se caracteriza por el compromiso, la responsabilidad y la convicci\u00f3n de que el derecho es una herramienta fundamental para generar soluciones justas y transformar positivamente la vida de las personas.<\/p>\t\t\t\t\t\t\t\t<\/div>\n\t\t\t\t<\/div>\n\t\t\t\t<\/div>\n\t\t<div class=\"elementor-element elementor-element-bcac6cb e-flex e-con-boxed e-con e-parent\" data-id=\"bcac6cb\" data-element_type=\"container\" data-e-type=\"container\">\n\t\t\t\t\t<div class=\"e-con-inner\">\n\t\t\t\t<div class=\"elementor-element elementor-element-5128ee7 elementor-widget elementor-widget-spacer\" data-id=\"5128ee7\" data-element_type=\"widget\" data-e-type=\"widget\" data-widget_type=\"spacer.default\">\n\t\t\t\t\t\t\t<div class=\"elementor-spacer\">\n\t\t\t<div class=\"elementor-spacer-inner\"><\/div>\n\t\t<\/div>\n\t\t\t\t\t\t<\/div>\n\t\t\t\t\t<\/div>\n\t\t\t\t<\/div>\n\t\t\t\t<\/div>\n\t\t","protected":false},"excerpt":{"rendered":"<p>LIC. AMELIA DEL CARMEN DE LA ROSA L\u00d3PEZ Lic. Amelia del Carmen De La Rosa L\u00f3pez\u00a0es socia de \u201cDE LA ROSA ABOGADOS ASOCIADOS S.C.\u201d, abogada especialista en el Derecho Civil y Familiar, su trayectoria profesional la ha enfocado a la defensa estrat\u00e9gica de los derechos de las personas y a la soluci\u00f3n integral de conflictos [&hellip;]<\/p>\n","protected":false},"author":1,"featured_media":0,"parent":0,"menu_order":0,"comment_status":"closed","ping_status":"closed","template":"elementor_header_footer","meta":{"footnotes":""},"class_list":["post-1601","page","type-page","status-publish","hentry"],"blocksy_meta":[],"_links":{"self":[{"href":"https:\/\/delarosaabogados.com\/index.php?rest_route=\/wp\/v2\/pages\/1601","targetHints":{"allow":["GET"]}}],"collection":[{"href":"https:\/\/delarosaabogados.com\/index.php?rest_route=\/wp\/v2\/pages"}],"about":[{"href":"https:\/\/delarosaabogados.com\/index.php?rest_route=\/wp\/v2\/types\/page"}],"author":[{"embeddable":true,"href":"https:\/\/delarosaabogados.com\/index.php?rest_route=\/wp\/v2\/users\/1"}],"replies":[{"embeddable":true,"href":"https:\/\/delarosaabogados.com\/index.php?rest_route=%2Fwp%2Fv2%2Fcomments&post=1601"}],"version-history":[{"count":9,"href":"https:\/\/delarosaabogados.com\/index.php?rest_route=\/wp\/v2\/pages\/1601\/revisions"}],"predecessor-version":[{"id":1610,"href":"https:\/\/delarosaabogados.com\/index.php?rest_route=\/wp\/v2\/pages\/1601\/revisions\/1610"}],"wp:attachment":[{"href":"https:\/\/delarosaabogados.com\/index.php?rest_route=%2Fwp%2Fv2%2Fmedia&parent=1601"}],"curies":[{"name":"wp","href":"https:\/\/api.w.org\/{rel}","templated":true}]}}