{"id":1586,"date":"2026-03-11T01:35:16","date_gmt":"2026-03-11T01:35:16","guid":{"rendered":"https:\/\/delarosaabogados.com\/?page_id=1586"},"modified":"2026-03-11T02:05:57","modified_gmt":"2026-03-11T02:05:57","slug":"mtro-jose-alfredo-de-la-rosa-martinez","status":"publish","type":"page","link":"https:\/\/delarosaabogados.com\/?page_id=1586","title":{"rendered":"MTRO. JOS\u00c9 ALFREDO DE LA ROSA MART\u00cdNEZ"},"content":{"rendered":"\t\t<div data-elementor-type=\"wp-page\" data-elementor-id=\"1586\" class=\"elementor elementor-1586\">\n\t\t\t\t<div class=\"elementor-element elementor-element-59517707 e-flex e-con-boxed e-con e-parent\" data-id=\"59517707\" data-element_type=\"container\" data-e-type=\"container\" data-settings=\"{&quot;background_background&quot;:&quot;classic&quot;}\">\n\t\t\t\t\t<div class=\"e-con-inner\">\n\t\t<div class=\"elementor-element elementor-element-8d51f83 e-con-full e-flex e-con e-child\" data-id=\"8d51f83\" data-element_type=\"container\" data-e-type=\"container\">\n\t\t\t\t<div class=\"elementor-element elementor-element-63bc598 elementor-widget elementor-widget-heading\" data-id=\"63bc598\" data-element_type=\"widget\" data-e-type=\"widget\" data-widget_type=\"heading.default\">\n\t\t\t\t\t<h2 class=\"elementor-heading-title elementor-size-default\">MTRO. JOS\u00c9 ALFREDO DE LA ROSA MART\u00cdNEZ<\/h2>\t\t\t\t<\/div>\n\t\t\t\t<\/div>\n\t\t\t\t\t<\/div>\n\t\t\t\t<\/div>\n\t\t<div class=\"elementor-element elementor-element-28c56ec e-flex e-con-boxed e-con e-parent\" data-id=\"28c56ec\" data-element_type=\"container\" data-e-type=\"container\">\n\t\t\t\t\t<div class=\"e-con-inner\">\n\t\t\t\t<div class=\"elementor-element elementor-element-f0a6b6e elementor-widget elementor-widget-spacer\" data-id=\"f0a6b6e\" data-element_type=\"widget\" data-e-type=\"widget\" data-widget_type=\"spacer.default\">\n\t\t\t\t\t\t\t<div class=\"elementor-spacer\">\n\t\t\t<div class=\"elementor-spacer-inner\"><\/div>\n\t\t<\/div>\n\t\t\t\t\t\t<\/div>\n\t\t\t\t\t<\/div>\n\t\t\t\t<\/div>\n\t\t<div class=\"elementor-element elementor-element-61d6e5a0 e-con-full e-flex e-con e-parent\" data-id=\"61d6e5a0\" data-element_type=\"container\" data-e-type=\"container\" data-settings=\"{&quot;background_background&quot;:&quot;classic&quot;}\">\n\t\t<div class=\"elementor-element elementor-element-6ab33053 e-con-full e-flex e-con e-child\" data-id=\"6ab33053\" data-element_type=\"container\" data-e-type=\"container\">\n\t\t\t\t<div class=\"elementor-element elementor-element-5546e72 elementor-widget elementor-widget-image\" data-id=\"5546e72\" data-element_type=\"widget\" data-e-type=\"widget\" data-widget_type=\"image.default\">\n\t\t\t\t\t\t\t\t\t\t\t\t\t\t\t<img fetchpriority=\"high\" decoding=\"async\" width=\"802\" height=\"1024\" src=\"https:\/\/delarosaabogados.com\/wp-content\/uploads\/2026\/03\/Gemini_Generated_Image_6cgpln6cgpln6cgp-1-e1773178795418-802x1024.png\" class=\"attachment-large size-large wp-image-1543\" alt=\"\" srcset=\"https:\/\/delarosaabogados.com\/wp-content\/uploads\/2026\/03\/Gemini_Generated_Image_6cgpln6cgpln6cgp-1-e1773178795418-802x1024.png 802w, https:\/\/delarosaabogados.com\/wp-content\/uploads\/2026\/03\/Gemini_Generated_Image_6cgpln6cgpln6cgp-1-e1773178795418-235x300.png 235w, https:\/\/delarosaabogados.com\/wp-content\/uploads\/2026\/03\/Gemini_Generated_Image_6cgpln6cgpln6cgp-1-e1773178795418-768x980.png 768w, https:\/\/delarosaabogados.com\/wp-content\/uploads\/2026\/03\/Gemini_Generated_Image_6cgpln6cgpln6cgp-1-e1773178795418.png 840w\" sizes=\"(max-width: 802px) 100vw, 802px\" \/>\t\t\t\t\t\t\t\t\t\t\t\t\t\t\t<\/div>\n\t\t\t\t<\/div>\n\t\t<div class=\"elementor-element elementor-element-765118fe e-con-full e-flex e-con e-child\" data-id=\"765118fe\" data-element_type=\"container\" data-e-type=\"container\">\n\t\t\t\t<div class=\"elementor-element elementor-element-6b63917 elementor-widget elementor-widget-text-editor\" data-id=\"6b63917\" data-element_type=\"widget\" data-e-type=\"widget\" data-widget_type=\"text-editor.default\">\n\t\t\t\t\t\t\t\t\t<p><strong><b>Mtro. <\/b><\/strong><strong><b>Jos\u00e9 Alfredo De La Rosa Mart\u00ednez, <\/b><\/strong>abogado con una amplia y reconocida trayectoria en el ejercicio del derecho, Socio Administrador y Fundador de <strong><b>\u201cDE LA ROSA ABOGADOS ASOCIADOS, S.C.\u201d,<\/b><\/strong>\u00a0firma que se ha consolidado a lo largo de los a\u00f1os y se ha caracterizado por su compromiso con la excelencia, la \u00e9tica profesional y la defensa eficaz de los intereses de sus clientes.<\/p><p>Con una s\u00f3lida formaci\u00f3n jur\u00eddica y una profunda vocaci\u00f3n por la pr\u00e1ctica del derecho, ha dedicado su carrera a la asesor\u00eda y representaci\u00f3n legal en diversas \u00e1reas del \u00e1mbito jur\u00eddico, posicion\u00e1ndose \u00a0como un referente en la conducci\u00f3n estrat\u00e9gica de asuntos legales complejos y en la generaci\u00f3n de soluciones jur\u00eddicas integrales.<\/p><p>Como fundador de la firma, ha encabezado el \u00e1rea jur\u00eddica y administrativa, contribuyendo al desarrollo y crecimiento de <strong><b>\u201cDE LA ROSA ABOGADOS \u00a0ASOCIADOS \u00a0S.C.\u201d<\/b><\/strong>, impulsando una cultura jur\u00eddica basada en la prevenci\u00f3n, el profesionalismo, el conocimiento t\u00e9cnico y el compromiso con la justicia; bajo su liderazgo, la firma ha construido una reputaci\u00f3n de confianza y solidez, brindando servicios legales a personas f\u00edsicas, empresas e instituciones.<\/p><p>A lo largo de su trayectoria profesional ha formado y guiado a diversas generaciones de abogados, promoviendo una pr\u00e1ctica jur\u00eddica caracterizada por el rigor t\u00e9cnico, la responsabilidad social y la actualizaci\u00f3n constante frente a los desaf\u00edos del entorno legal contempor\u00e1neo.<\/p><p>Su visi\u00f3n, liderazgo y compromiso con la profesi\u00f3n han sido fundamentales para el posicionamiento y prestigio de <strong><b>\u201cDE LA ROSA ABOGADOS ASOCIADOS, S.C.\u201d,<\/b><\/strong>\u00a0consolid\u00e1ndola como una firma que ofrece servicios jur\u00eddicos de alta calidad y soluciones legales estrat\u00e9gicas.<\/p>\t\t\t\t\t\t\t\t<\/div>\n\t\t\t\t<\/div>\n\t\t\t\t<\/div>\n\t\t<div class=\"elementor-element elementor-element-f61c591 e-flex e-con-boxed e-con e-parent\" data-id=\"f61c591\" data-element_type=\"container\" data-e-type=\"container\">\n\t\t\t\t\t<div class=\"e-con-inner\">\n\t\t\t\t<div class=\"elementor-element elementor-element-d0f6680 elementor-widget elementor-widget-spacer\" data-id=\"d0f6680\" data-element_type=\"widget\" data-e-type=\"widget\" data-widget_type=\"spacer.default\">\n\t\t\t\t\t\t\t<div class=\"elementor-spacer\">\n\t\t\t<div class=\"elementor-spacer-inner\"><\/div>\n\t\t<\/div>\n\t\t\t\t\t\t<\/div>\n\t\t\t\t\t<\/div>\n\t\t\t\t<\/div>\n\t\t\t\t<\/div>\n\t\t","protected":false},"excerpt":{"rendered":"<p>MTRO. JOS\u00c9 ALFREDO DE LA ROSA MART\u00cdNEZ Mtro. Jos\u00e9 Alfredo De La Rosa Mart\u00ednez, abogado con una amplia y reconocida trayectoria en el ejercicio del derecho, Socio Administrador y Fundador de \u201cDE LA ROSA ABOGADOS ASOCIADOS, S.C.\u201d,\u00a0firma que se ha consolidado a lo largo de los a\u00f1os y se ha caracterizado por su compromiso con [&hellip;]<\/p>\n","protected":false},"author":1,"featured_media":0,"parent":0,"menu_order":0,"comment_status":"closed","ping_status":"closed","template":"elementor_header_footer","meta":{"footnotes":""},"class_list":["post-1586","page","type-page","status-publish","hentry"],"blocksy_meta":[],"_links":{"self":[{"href":"https:\/\/delarosaabogados.com\/index.php?rest_route=\/wp\/v2\/pages\/1586","targetHints":{"allow":["GET"]}}],"collection":[{"href":"https:\/\/delarosaabogados.com\/index.php?rest_route=\/wp\/v2\/pages"}],"about":[{"href":"https:\/\/delarosaabogados.com\/index.php?rest_route=\/wp\/v2\/types\/page"}],"author":[{"embeddable":true,"href":"https:\/\/delarosaabogados.com\/index.php?rest_route=\/wp\/v2\/users\/1"}],"replies":[{"embeddable":true,"href":"https:\/\/delarosaabogados.com\/index.php?rest_route=%2Fwp%2Fv2%2Fcomments&post=1586"}],"version-history":[{"count":11,"href":"https:\/\/delarosaabogados.com\/index.php?rest_route=\/wp\/v2\/pages\/1586\/revisions"}],"predecessor-version":[{"id":1597,"href":"https:\/\/delarosaabogados.com\/index.php?rest_route=\/wp\/v2\/pages\/1586\/revisions\/1597"}],"wp:attachment":[{"href":"https:\/\/delarosaabogados.com\/index.php?rest_route=%2Fwp%2Fv2%2Fmedia&parent=1586"}],"curies":[{"name":"wp","href":"https:\/\/api.w.org\/{rel}","templated":true}]}}

MTRO. JOSÉ ALFREDO DE LA ROSA MARTÍNEZ

<div data-elementor-type="wp-page" data-elementor-id="1586" class="elementor elementor-1586">
				<div class="elementor-element elementor-element-59517707 e-flex e-con-boxed e-con e-parent" data-id="59517707" data-element_type="container" data-e-type="container" data-settings="{&quot;background_background&quot;:&quot;classic&quot;}">
					<div class="e-con-inner">
		<div class="elementor-element elementor-element-8d51f83 e-con-full e-flex e-con e-child" data-id="8d51f83" data-element_type="container" data-e-type="container">
				<div class="elementor-element elementor-element-63bc598 elementor-widget elementor-widget-heading" data-id="63bc598" data-element_type="widget" data-e-type="widget" data-widget_type="heading.default">
					<h2 class="elementor-heading-title elementor-size-default">MTRO. JOSÉ ALFREDO DE LA ROSA MARTÍNEZ</h2>				</div>
				</div>
					</div>
				</div>
		<div class="elementor-element elementor-element-28c56ec e-flex e-con-boxed e-con e-parent" data-id="28c56ec" data-element_type="container" data-e-type="container">
					<div class="e-con-inner">
				<div class="elementor-element elementor-element-f0a6b6e elementor-widget elementor-widget-spacer" data-id="f0a6b6e" data-element_type="widget" data-e-type="widget" data-widget_type="spacer.default">
							<div class="elementor-spacer">
			<div class="elementor-spacer-inner"></div>
		</div>
						</div>
					</div>
				</div>
		<div class="elementor-element elementor-element-61d6e5a0 e-con-full e-flex e-con e-parent" data-id="61d6e5a0" data-element_type="container" data-e-type="container" data-settings="{&quot;background_background&quot;:&quot;classic&quot;}">
		<div class="elementor-element elementor-element-6ab33053 e-con-full e-flex e-con e-child" data-id="6ab33053" data-element_type="container" data-e-type="container">
				<div class="elementor-element elementor-element-5546e72 elementor-widget elementor-widget-image" data-id="5546e72" data-element_type="widget" data-e-type="widget" data-widget_type="image.default">
															<img fetchpriority="high" decoding="async" width="802" height="1024" src="https://delarosaabogados.com/wp-content/uploads/2026/03/Gemini_Generated_Image_6cgpln6cgpln6cgp-1-e1773178795418-802x1024.png" class="attachment-large size-large wp-image-1543" alt="" srcset="https://delarosaabogados.com/wp-content/uploads/2026/03/Gemini_Generated_Image_6cgpln6cgpln6cgp-1-e1773178795418-802x1024.png 802w, https://delarosaabogados.com/wp-content/uploads/2026/03/Gemini_Generated_Image_6cgpln6cgpln6cgp-1-e1773178795418-235x300.png 235w, https://delarosaabogados.com/wp-content/uploads/2026/03/Gemini_Generated_Image_6cgpln6cgpln6cgp-1-e1773178795418-768x980.png 768w, https://delarosaabogados.com/wp-content/uploads/2026/03/Gemini_Generated_Image_6cgpln6cgpln6cgp-1-e1773178795418.png 840w" sizes="(max-width: 802px) 100vw, 802px" />															</div>
				</div>
		<div class="elementor-element elementor-element-765118fe e-con-full e-flex e-con e-child" data-id="765118fe" data-element_type="container" data-e-type="container">
				<div class="elementor-element elementor-element-6b63917 elementor-widget elementor-widget-text-editor" data-id="6b63917" data-element_type="widget" data-e-type="widget" data-widget_type="text-editor.default">
									<p><strong><b>Mtro. </b></strong><strong><b>José Alfredo De La Rosa Martínez, </b></strong>abogado con una amplia y reconocida trayectoria en el ejercicio del derecho, Socio Administrador y Fundador de <strong><b>“DE LA ROSA ABOGADOS ASOCIADOS, S.C.”,</b></strong> firma que se ha consolidado a lo largo de los años y se ha caracterizado por su compromiso con la excelencia, la ética profesional y la defensa eficaz de los intereses de sus clientes.</p><p>Con una sólida formación jurídica y una profunda vocación por la práctica del derecho, ha dedicado su carrera a la asesoría y representación legal en diversas áreas del ámbito jurídico, posicionándose  como un referente en la conducción estratégica de asuntos legales complejos y en la generación de soluciones jurídicas integrales.</p><p>Como fundador de la firma, ha encabezado el área jurídica y administrativa, contribuyendo al desarrollo y crecimiento de <strong><b>“DE LA ROSA ABOGADOS  ASOCIADOS  S.C.”</b></strong>, impulsando una cultura jurídica basada en la prevención, el profesionalismo, el conocimiento técnico y el compromiso con la justicia; bajo su liderazgo, la firma ha construido una reputación de confianza y solidez, brindando servicios legales a personas físicas, empresas e instituciones.</p><p>A lo largo de su trayectoria profesional ha formado y guiado a diversas generaciones de abogados, promoviendo una práctica jurídica caracterizada por el rigor técnico, la responsabilidad social y la actualización constante frente a los desafíos del entorno legal contemporáneo.</p><p>Su visión, liderazgo y compromiso con la profesión han sido fundamentales para el posicionamiento y prestigio de <strong><b>“DE LA ROSA ABOGADOS ASOCIADOS, S.C.”,</b></strong> consolidándola como una firma que ofrece servicios jurídicos de alta calidad y soluciones legales estratégicas.</p>								</div>
				</div>
				</div>
		<div class="elementor-element elementor-element-f61c591 e-flex e-con-boxed e-con e-parent" data-id="f61c591" data-element_type="container" data-e-type="container">
					<div class="e-con-inner">
				<div class="elementor-element elementor-element-d0f6680 elementor-widget elementor-widget-spacer" data-id="d0f6680" data-element_type="widget" data-e-type="widget" data-widget_type="spacer.default">
							<div class="elementor-spacer">
			<div class="elementor-spacer-inner"></div>
		</div>
						</div>
					</div>
				</div>
				</div>

<p>MTRO. JOSÉ ALFREDO DE LA ROSA MARTÍNEZ Mtro. José Alfredo De La Rosa Martínez, abogado con una amplia y reconocida trayectoria en el ejercicio del derecho, Socio Administrador y Fundador de “DE LA ROSA ABOGADOS ASOCIADOS, S.C.”, firma que se ha consolidado a lo largo de los años y se ha caracterizado por su compromiso con [&hellip;]</p>
